{"id":1046,"date":"2020-11-26T17:48:01","date_gmt":"2020-11-26T20:48:01","guid":{"rendered":"https:\/\/fibrabrasil.wordpress.com\/?page_id=1046"},"modified":"2024-11-06T19:24:04","modified_gmt":"2024-11-06T18:24:04","slug":"videos-principal","status":"publish","type":"page","link":"https:\/\/fibrainternacional.org\/?page_id=1046","title":{"rendered":"V\u00eddeos e Lives"},"content":{"rendered":"\t\t<div data-elementor-type=\"wp-page\" data-elementor-id=\"1046\" class=\"elementor elementor-1046\">\n\t\t\t\t\t\t<section class=\"elementor-section elementor-top-section elementor-element elementor-element-e6b5305 elementor-section-boxed elementor-section-height-default elementor-section-height-default\" data-id=\"e6b5305\" data-element_type=\"section\" data-e-type=\"section\">\n\t\t\t\t\t\t<div class=\"elementor-container elementor-column-gap-default\">\n\t\t\t\t\t<div class=\"elementor-column elementor-col-100 elementor-top-column elementor-element elementor-element-47210240\" data-id=\"47210240\" data-element_type=\"column\" data-e-type=\"column\">\n\t\t\t<div class=\"elementor-widget-wrap elementor-element-populated\">\n\t\t\t\t\t\t<div class=\"elementor-element elementor-element-a064157 elementor-widget elementor-widget-text-editor\" data-id=\"a064157\" data-element_type=\"widget\" data-e-type=\"widget\" data-widget_type=\"text-editor.default\">\n\t\t\t\t<div class=\"elementor-widget-container\">\n\t\t\t\t\t\t\t\t\t\n<p>Nesta sec\u00e7\u00e3o reunimos programas produzidos por coletivos e membros independentes da Frente Internacional. <br \/><br \/>Dividimos em tr\u00eas sub-temas para facilitar a procura e a intera\u00e7\u00e3o com o material produzido. <br \/><br \/>&#8211; O item <strong>Vozes de Fibra<\/strong> reune os programas iniciados em abril de 2020, sempre aos domingos e transmitidos pelo canal do Youtube da Fibra;<br \/><br \/>&#8211; O item <strong>V\u00eddeos Instagram<\/strong> reune programas de conversas e entrevistas, bem como v\u00eddeos curtos convidando para atos, eventos e iniciativas online, produzidos por coletivos\/membros independentes, cujo in\u00edcio data de novembro de 2020;<br \/><br \/>&#8211; O item <strong>Youtube<\/strong> reune todos os outros programas produzidos pelos coletivos\/membros independentes da Fibra e cujo in\u00edcio remonta a janeiro de 2019 praticamente marcando o in\u00edcio da exist\u00eancia do canal do Youtube.<br \/><br \/>Venha conhecer a videoteca da Fibra!<\/p>\n\n\n\n<p style=\"font-size: 31px; line-height: 1.5;\"><strong>Grade de programa\u00e7\u00e3o do canal do Youtube da Fibra<\/strong><\/p>\n\n\n\n<figure id=\"footer1\" class=\"wp-block-table\">\n<table>\n<tbody>\n<tr>\n<td>Eventos mostrados no fuso hor\u00e1rio: Hor\u00e1rio da Europa Central &#8211; Amsterd\u00e3<\/td>\n<\/tr>\n<\/tbody>\n<\/table>\n<\/figure>\n\n\n<p><iframe style=\"border: 0;\" src=\"https:\/\/calendar.google.com\/calendar\/embed?src=82veitn75vp7agpr9ftmrlup3kkt1s23%40import.calendar.google.com&amp;ctz=Europe%2FAmsterdam\" width=\"800\" height=\"600\" frameborder=\"0\" scrolling=\"no\"><\/iframe><\/p>\n\n\n\n<p>&nbsp;<\/p>\n\t\t\t\t\t\t\t\t<\/div>\n\t\t\t\t<\/div>\n\t\t\t\t\t<\/div>\n\t\t<\/div>\n\t\t\t\t\t<\/div>\n\t\t<\/section>\n\t\t\t\t<section class=\"elementor-section elementor-top-section elementor-element elementor-element-96e6c87 elementor-section-boxed elementor-section-height-default elementor-section-height-default\" data-id=\"96e6c87\" data-element_type=\"section\" data-e-type=\"section\">\n\t\t\t\t\t\t<div class=\"elementor-container elementor-column-gap-default\">\n\t\t\t\t\t<div class=\"elementor-column elementor-col-100 elementor-top-column elementor-element elementor-element-d26ee7f\" data-id=\"d26ee7f\" data-element_type=\"column\" data-e-type=\"column\">\n\t\t\t<div class=\"elementor-widget-wrap\">\n\t\t\t\t\t\t\t<\/div>\n\t\t<\/div>\n\t\t\t\t\t<\/div>\n\t\t<\/section>\n\t\t\t\t<\/div>\n\t\t","protected":false},"excerpt":{"rendered":"<p>Nesta sec\u00e7\u00e3o reunimos programas produzidos por coletivos e membros independentes da Frente Internacional. Dividimos em tr\u00eas sub-temas para facilitar a procura e a intera\u00e7\u00e3o com<\/p>\n","protected":false},"author":1,"featured_media":0,"parent":0,"menu_order":0,"comment_status":"closed","ping_status":"closed","template":"","meta":{"om_disable_all_campaigns":false,"_eb_attr":"","footnotes":""},"class_list":["post-1046","page","type-page","status-publish","hentry","three-columns"],"aioseo_notices":[],"rttpg_featured_image_url":null,"rttpg_author":{"display_name":"FibraInternacional","author_link":"https:\/\/fibrainternacional.org\/?author=1"},"rttpg_comment":0,"rttpg_category":null,"rttpg_excerpt":"Nesta sec\u00e7\u00e3o reunimos programas produzidos por coletivos e membros independentes da Frente Internacional. Dividimos em tr\u00eas sub-temas para facilitar a procura e a intera\u00e7\u00e3o com","_links":{"self":[{"href":"https:\/\/fibrainternacional.org\/index.php?rest_route=\/wp\/v2\/pages\/1046","targetHints":{"allow":["GET"]}}],"collection":[{"href":"https:\/\/fibrainternacional.org\/index.php?rest_route=\/wp\/v2\/pages"}],"about":[{"href":"https:\/\/fibrainternacional.org\/index.php?rest_route=\/wp\/v2\/types\/page"}],"author":[{"embeddable":true,"href":"https:\/\/fibrainternacional.org\/index.php?rest_route=\/wp\/v2\/users\/1"}],"replies":[{"embeddable":true,"href":"https:\/\/fibrainternacional.org\/index.php?rest_route=%2Fwp%2Fv2%2Fcomments&post=1046"}],"version-history":[{"count":8,"href":"https:\/\/fibrainternacional.org\/index.php?rest_route=\/wp\/v2\/pages\/1046\/revisions"}],"predecessor-version":[{"id":10458,"href":"https:\/\/fibrainternacional.org\/index.php?rest_route=\/wp\/v2\/pages\/1046\/revisions\/10458"}],"wp:attachment":[{"href":"https:\/\/fibrainternacional.org\/index.php?rest_route=%2Fwp%2Fv2%2Fmedia&parent=1046"}],"curies":[{"name":"wp","href":"https:\/\/api.w.org\/{rel}","templated":true}]}}