{"id":2677,"date":"2021-04-19T09:05:33","date_gmt":"2021-04-19T12:05:33","guid":{"rendered":"https:\/\/fibrabrasil.wordpress.com\/?page_id=2677"},"modified":"2021-04-19T09:05:33","modified_gmt":"2021-04-19T12:05:33","slug":"campanhas-2","status":"publish","type":"page","link":"https:\/\/fibrainternacional.org\/?page_id=2677","title":{"rendered":"Campanhas"},"content":{"rendered":"\n<ol class=\"wp-block-list\"><li><a href=\"https:\/\/mtcbrasil.org.br\/category\/campanha\/\">Campanha solid\u00e1ria de apoio ao Movimento dos Trabalhadores no Campo &#8211; MTC<\/a>.<br>Esta campanha \u00e9 iniciativa do Coletivo Amsterd\u00e3 pela Democracia e FIBRA. Abaixo segue um passo-a-passo para doar. <\/li><\/ol>\n\n\n\n<figure class=\"wp-block-embed is-type-rich is-provider-youtube wp-block-embed-youtube wp-embed-aspect-16-9 wp-has-aspect-ratio\"><div class=\"wp-block-embed__wrapper\">\n<iframe title=\"Passo a passo para doar ao Fundo Solid\u00e1rio do Movimento dos Trabalhadores e Trabalhadoras do Campo\" width=\"640\" height=\"360\" src=\"https:\/\/www.youtube.com\/embed\/PiDPMrJwUUI?feature=oembed\" frameborder=\"0\" allow=\"accelerometer; autoplay; clipboard-write; encrypted-media; gyroscope; picture-in-picture; web-share\" referrerpolicy=\"strict-origin-when-cross-origin\" allowfullscreen><\/iframe>\n<\/div><\/figure>\n","protected":false},"excerpt":{"rendered":"<p>Campanha solid\u00e1ria de apoio ao Movimento dos Trabalhadores no Campo &#8211; MTC.Esta campanha \u00e9 iniciativa do Coletivo Amsterd\u00e3 pela Democracia e FIBRA. Abaixo segue um<\/p>\n","protected":false},"author":1,"featured_media":0,"parent":0,"menu_order":0,"comment_status":"closed","ping_status":"closed","template":"","meta":{"om_disable_all_campaigns":false,"_eb_attr":"","footnotes":""},"class_list":["post-2677","page","type-page","status-publish","hentry","three-columns"],"aioseo_notices":[],"rttpg_featured_image_url":null,"rttpg_author":{"display_name":"FibraInternacional","author_link":"https:\/\/fibrainternacional.org\/?author=1"},"rttpg_comment":0,"rttpg_category":null,"rttpg_excerpt":"Campanha solid\u00e1ria de apoio ao Movimento dos Trabalhadores no Campo &#8211; MTC.Esta campanha \u00e9 iniciativa do Coletivo Amsterd\u00e3 pela Democracia e FIBRA. Abaixo segue um","_links":{"self":[{"href":"https:\/\/fibrainternacional.org\/index.php?rest_route=\/wp\/v2\/pages\/2677","targetHints":{"allow":["GET"]}}],"collection":[{"href":"https:\/\/fibrainternacional.org\/index.php?rest_route=\/wp\/v2\/pages"}],"about":[{"href":"https:\/\/fibrainternacional.org\/index.php?rest_route=\/wp\/v2\/types\/page"}],"author":[{"embeddable":true,"href":"https:\/\/fibrainternacional.org\/index.php?rest_route=\/wp\/v2\/users\/1"}],"replies":[{"embeddable":true,"href":"https:\/\/fibrainternacional.org\/index.php?rest_route=%2Fwp%2Fv2%2Fcomments&post=2677"}],"version-history":[{"count":0,"href":"https:\/\/fibrainternacional.org\/index.php?rest_route=\/wp\/v2\/pages\/2677\/revisions"}],"wp:attachment":[{"href":"https:\/\/fibrainternacional.org\/index.php?rest_route=%2Fwp%2Fv2%2Fmedia&parent=2677"}],"curies":[{"name":"wp","href":"https:\/\/api.w.org\/{rel}","templated":true}]}}

<ol class="wp-block-list"><li><a href="https://mtcbrasil.org.br/category/campanha/">Campanha solidária de apoio ao Movimento dos Trabalhadores no Campo &#8211; MTC</a>.<br>Esta campanha é iniciativa do Coletivo Amsterdã pela Democracia e FIBRA. Abaixo segue um passo-a-passo para doar. </li></ol>



<figure class="wp-block-embed is-type-rich is-provider-youtube wp-block-embed-youtube wp-embed-aspect-16-9 wp-has-aspect-ratio"><div class="wp-block-embed__wrapper">
<iframe title="Passo a passo para doar ao Fundo Solidário do Movimento dos Trabalhadores e Trabalhadoras do Campo" width="640" height="360" src="https://www.youtube.com/embed/PiDPMrJwUUI?feature=oembed" frameborder="0" allow="accelerometer; autoplay; clipboard-write; encrypted-media; gyroscope; picture-in-picture; web-share" referrerpolicy="strict-origin-when-cross-origin" allowfullscreen></iframe>
</div></figure>

<p>Campanha solidária de apoio ao Movimento dos Trabalhadores no Campo &#8211; MTC.Esta campanha é iniciativa do Coletivo Amsterdã pela Democracia e FIBRA. Abaixo segue um</p>

Campanha solidária de apoio ao Movimento dos Trabalhadores no Campo &#8211; MTC.Esta campanha é iniciativa do Coletivo Amsterdã pela Democracia e FIBRA. Abaixo segue um
