{"id":2684,"date":"2021-04-19T09:15:37","date_gmt":"2021-04-19T12:15:37","guid":{"rendered":"https:\/\/fibrabrasil.wordpress.com\/?page_id=2684"},"modified":"2021-04-19T09:15:37","modified_gmt":"2021-04-19T12:15:37","slug":"formacoes","status":"publish","type":"page","link":"https:\/\/fibrainternacional.org\/?page_id=2684","title":{"rendered":"Forma\u00e7\u00f5es"},"content":{"rendered":"\n<p>Aqui publicamos informa\u00e7\u00f5es sobre treinamentos e cursos de forma\u00e7\u00e3o para a milit\u00e2ncia internacional. Fiquem atentos (nos sub-menus) para a(s) oferta(s) atuais!<\/p>\n","protected":false},"excerpt":{"rendered":"<p>Aqui publicamos informa\u00e7\u00f5es sobre treinamentos e cursos de forma\u00e7\u00e3o para a milit\u00e2ncia internacional. Fiquem atentos (nos sub-menus) para a(s) oferta(s) atuais!<\/p>\n","protected":false},"author":1,"featured_media":0,"parent":0,"menu_order":0,"comment_status":"closed","ping_status":"closed","template":"","meta":{"om_disable_all_campaigns":false,"_eb_attr":"","footnotes":""},"class_list":["post-2684","page","type-page","status-publish","hentry","three-columns"],"aioseo_notices":[],"rttpg_featured_image_url":null,"rttpg_author":{"display_name":"FibraInternacional","author_link":"https:\/\/fibrainternacional.org\/?author=1"},"rttpg_comment":0,"rttpg_category":null,"rttpg_excerpt":"Aqui publicamos informa\u00e7\u00f5es sobre treinamentos e cursos de forma\u00e7\u00e3o para a milit\u00e2ncia internacional. Fiquem atentos (nos sub-menus) para a(s) oferta(s) atuais!","_links":{"self":[{"href":"https:\/\/fibrainternacional.org\/index.php?rest_route=\/wp\/v2\/pages\/2684","targetHints":{"allow":["GET"]}}],"collection":[{"href":"https:\/\/fibrainternacional.org\/index.php?rest_route=\/wp\/v2\/pages"}],"about":[{"href":"https:\/\/fibrainternacional.org\/index.php?rest_route=\/wp\/v2\/types\/page"}],"author":[{"embeddable":true,"href":"https:\/\/fibrainternacional.org\/index.php?rest_route=\/wp\/v2\/users\/1"}],"replies":[{"embeddable":true,"href":"https:\/\/fibrainternacional.org\/index.php?rest_route=%2Fwp%2Fv2%2Fcomments&post=2684"}],"version-history":[{"count":0,"href":"https:\/\/fibrainternacional.org\/index.php?rest_route=\/wp\/v2\/pages\/2684\/revisions"}],"wp:attachment":[{"href":"https:\/\/fibrainternacional.org\/index.php?rest_route=%2Fwp%2Fv2%2Fmedia&parent=2684"}],"curies":[{"name":"wp","href":"https:\/\/api.w.org\/{rel}","templated":true}]}}

Formações

<p>Aqui publicamos informações sobre treinamentos e cursos de formação para a militância internacional. Fiquem atentos (nos sub-menus) para a(s) oferta(s) atuais!</p>

Aqui publicamos informações sobre treinamentos e cursos de formação para a militância internacional. Fiquem atentos (nos sub-menus) para a(s) oferta(s) atuais!
