{"id":7744,"date":"2021-12-12T20:52:16","date_gmt":"2021-12-12T19:52:16","guid":{"rendered":"http:\/\/fibrainternacional.org\/?p=7744"},"modified":"2022-07-22T16:03:24","modified_gmt":"2022-07-22T14:03:24","slug":"fibra-petroleira-a-luta-dos-coletes-abobora","status":"publish","type":"page","link":"https:\/\/fibrainternacional.org\/?page_id=7744","title":{"rendered":"Fibra Petroleira: a luta dos Coletes Ab\u00f3bora"},"content":{"rendered":"\n<p><mark style=\"background-color:rgba(0, 0, 0, 0)\" class=\"has-inline-color has-vivid-red-color\"><strong>03.07.2022 &#8211; Programa 10 <\/strong><\/mark>Vozes de FIBRA: <strong><a href=\"https:\/\/youtu.be\/dwaW3wPH4ys\" target=\"_blank\" rel=\"noreferrer noopener\">Fibra Petroleira &amp; Coletes Ab\u00f3bora #8<\/a><\/strong><\/p>\n\n\n\n<div class=\"wp-block-media-text alignwide is-stacked-on-mobile\" style=\"grid-template-columns:37% auto\"><figure class=\"wp-block-media-text__media\"><img fetchpriority=\"high\" decoding=\"async\" width=\"1024\" height=\"574\" src=\"http:\/\/fibrainternacional.org\/wp-content\/uploads\/2022\/07\/Screenshot-2022-07-22-at-15.49.39-1024x574.png\" alt=\"\" class=\"wp-image-8841 size-full\" srcset=\"https:\/\/fibrainternacional.org\/wp-content\/uploads\/2022\/07\/Screenshot-2022-07-22-at-15.49.39-1024x574.png 1024w, https:\/\/fibrainternacional.org\/wp-content\/uploads\/2022\/07\/Screenshot-2022-07-22-at-15.49.39-600x336.png 600w, https:\/\/fibrainternacional.org\/wp-content\/uploads\/2022\/07\/Screenshot-2022-07-22-at-15.49.39-300x168.png 300w, https:\/\/fibrainternacional.org\/wp-content\/uploads\/2022\/07\/Screenshot-2022-07-22-at-15.49.39-768x431.png 768w, https:\/\/fibrainternacional.org\/wp-content\/uploads\/2022\/07\/Screenshot-2022-07-22-at-15.49.39-1536x861.png 1536w, https:\/\/fibrainternacional.org\/wp-content\/uploads\/2022\/07\/Screenshot-2022-07-22-at-15.49.39-2048x1148.png 2048w, https:\/\/fibrainternacional.org\/wp-content\/uploads\/2022\/07\/Screenshot-2022-07-22-at-15.49.39-1170x656.png 1170w\" sizes=\"(max-width: 1024px) 100vw, 1024px\" \/><\/figure><div class=\"wp-block-media-text__content\">\n<p class=\"has-small-font-size\">Para nos ajudar a entender melhor o que caber\u00e1 \u00e0 milit\u00e2ncia (nacional e internacional) como tarefa para resistir e continuar a luta em defesa de nosso projeto de Na\u00e7\u00e3o Soberana, altiva, ativa e INCLUSIVA, agora, durante a campanha eleitoral e a partir de 2023, com Lula presidente, teremos o prazer de conversar com Jos\u00e9 Genoino Neto, ex-presidente do Partido dos Trabalhadores, ex-deputado federal pelo estado de S\u00e3o Paulo (e ex-guerrilheiro), que vem se expressando com muita coragem, sem papas na l\u00edngua, sobre o papel fundamental das cidad\u00e3s e cidad\u00e3os brasileires que pretendem eleger Lula em 2022, resgatar a democracia e a dignidade do povo brasileiro, reconstruindo juntes o Brasil que nossa gente merece.<\/p>\n<\/div><\/div>\n\n\n\n<p><mark style=\"background-color:rgba(0, 0, 0, 0)\" class=\"has-inline-color has-vivid-red-color\"><strong>05.06.2022 &#8211; Programa 9 <\/strong><\/mark>Vozes de FIBRA: <strong><a href=\"https:\/\/youtu.be\/gbpcUMO1tnw\" target=\"_blank\" rel=\"noreferrer noopener\">Fibra Petroleira &amp; Coletes Ab\u00f3bora #07<\/a><\/strong><\/p>\n\n\n\n<div class=\"wp-block-media-text alignwide is-stacked-on-mobile\" style=\"grid-template-columns:37% auto\"><figure class=\"wp-block-media-text__media\"><img decoding=\"async\" width=\"1024\" height=\"575\" src=\"http:\/\/fibrainternacional.org\/wp-content\/uploads\/2022\/07\/Screenshot-2022-07-22-at-15.27.34-1024x575.png\" alt=\"\" class=\"wp-image-8838 size-full\" srcset=\"https:\/\/fibrainternacional.org\/wp-content\/uploads\/2022\/07\/Screenshot-2022-07-22-at-15.27.34-1024x575.png 1024w, https:\/\/fibrainternacional.org\/wp-content\/uploads\/2022\/07\/Screenshot-2022-07-22-at-15.27.34-600x337.png 600w, https:\/\/fibrainternacional.org\/wp-content\/uploads\/2022\/07\/Screenshot-2022-07-22-at-15.27.34-300x168.png 300w, https:\/\/fibrainternacional.org\/wp-content\/uploads\/2022\/07\/Screenshot-2022-07-22-at-15.27.34-768x431.png 768w, https:\/\/fibrainternacional.org\/wp-content\/uploads\/2022\/07\/Screenshot-2022-07-22-at-15.27.34-1536x863.png 1536w, https:\/\/fibrainternacional.org\/wp-content\/uploads\/2022\/07\/Screenshot-2022-07-22-at-15.27.34-2048x1150.png 2048w, https:\/\/fibrainternacional.org\/wp-content\/uploads\/2022\/07\/Screenshot-2022-07-22-at-15.27.34-1170x657.png 1170w\" sizes=\"(max-width: 1024px) 100vw, 1024px\" \/><\/figure><div class=\"wp-block-media-text__content\">\n<p class=\"has-small-font-size\">O programa desse domingo \u00e9 um convite a todos os cidad\u00e3os e cidad\u00e3s para vestir um Colete Ab\u00f3bora (inspirado no movimento franc\u00eas &#8220;Coletes Amarelos&#8221;) para impedir o fim da maior empresa brasileira. \u00a0 Apresenta\u00e7\u00e3o: &#8211; Rebeca R. Lang: Collectif Alerte France Br\u00e9sil \/ MD18 membro da FIBRA. \u00a0 Modera\u00e7\u00e3o: &#8211; Luiz M\u00e1rio Nogueira e Alex Noronha: Movimento Privatizar Faz Mal ao Brasil, Reage Brasileiro. \u00a0 Participa\u00e7\u00e3o especial: &#8211; Ros\u00e2ngela Buzanelli Torres: geof\u00edsica senior da Petrobr\u00e1s e Conselheira reeleita do Conselho de Administra\u00e7\u00e3o, onde atua como representante dos trabalhadores e trabalhadoras.<\/p>\n<\/div><\/div>\n\n\n\n<p><mark style=\"background-color:rgba(0, 0, 0, 0)\" class=\"has-inline-color has-vivid-red-color\"><strong>01.05.2022 &#8211; Programa 8 <\/strong><\/mark>Vozes de FIBRA: <a href=\"https:\/\/youtu.be\/JQzTq7uFLt4\" target=\"_blank\" rel=\"noreferrer noopener\"><strong>Fibra Petroleira &amp; Coletes Ab\u00f3bora #6<\/strong><\/a><\/p>\n\n\n\n<div class=\"wp-block-media-text alignwide is-stacked-on-mobile\" style=\"grid-template-columns:37% auto\"><figure class=\"wp-block-media-text__media\"><img decoding=\"async\" width=\"1024\" height=\"576\" src=\"http:\/\/fibrainternacional.org\/wp-content\/uploads\/2022\/07\/Screenshot-2022-07-22-at-15.12.46-1024x576.png\" alt=\"\" class=\"wp-image-8835 size-full\" srcset=\"https:\/\/fibrainternacional.org\/wp-content\/uploads\/2022\/07\/Screenshot-2022-07-22-at-15.12.46-1024x576.png 1024w, https:\/\/fibrainternacional.org\/wp-content\/uploads\/2022\/07\/Screenshot-2022-07-22-at-15.12.46-600x338.png 600w, https:\/\/fibrainternacional.org\/wp-content\/uploads\/2022\/07\/Screenshot-2022-07-22-at-15.12.46-300x169.png 300w, https:\/\/fibrainternacional.org\/wp-content\/uploads\/2022\/07\/Screenshot-2022-07-22-at-15.12.46-768x432.png 768w, https:\/\/fibrainternacional.org\/wp-content\/uploads\/2022\/07\/Screenshot-2022-07-22-at-15.12.46-1536x864.png 1536w, https:\/\/fibrainternacional.org\/wp-content\/uploads\/2022\/07\/Screenshot-2022-07-22-at-15.12.46-2048x1152.png 2048w, https:\/\/fibrainternacional.org\/wp-content\/uploads\/2022\/07\/Screenshot-2022-07-22-at-15.12.46-1170x658.png 1170w\" sizes=\"(max-width: 1024px) 100vw, 1024px\" \/><\/figure><div class=\"wp-block-media-text__content\">\n<p class=\"has-small-font-size\">Nesse 1\u00b0 de maio, dia de luta internacional dos trabalhadores e trabalhadoras, nossos convidados: Regina Bueno advogada, mestre em sa\u00fade p\u00fablica, educadora popular em sa\u00fade com foco em HIV\/Aids e Juventude, integrante do F\u00f3rum de Sa\u00fade RJ e L\u00e9o Santuchi especialista em an\u00e1lise, projeto e ger\u00eancia de sistemas, analista de TI da Dataprev e Presidente da ANED &#8211; Associa\u00e7\u00e3o Nacional dos Empregados da Dataprev, companheiro do Comit\u00ea de Lutas Contra as Privatiza\u00e7\u00f5es, nos atualizar\u00e3o sobre suas lutas contra o (des)governo e a pol\u00edtica atual de desmonte do Estado de Direito.<\/p>\n<\/div><\/div>\n\n\n\n<p><mark style=\"background-color:rgba(0, 0, 0, 0)\" class=\"has-inline-color has-vivid-red-color\"><strong>10.04.2022 &#8211; Programa 7 <\/strong><\/mark><mark style=\"background-color:rgba(0, 0, 0, 0)\" class=\"has-inline-color has-black-color\"><strong>Vozes de FIBRA: <a href=\"https:\/\/youtu.be\/-Z4W09S1PmU\" target=\"_blank\" rel=\"noreferrer noopener\">Fibra Petroleira &amp; Coletes Ab\u00f3bora #5<\/a><\/strong><\/mark><\/p>\n\n\n\n<div class=\"wp-block-media-text alignwide is-stacked-on-mobile\" style=\"grid-template-columns:36% auto\"><figure class=\"wp-block-media-text__media\"><img loading=\"lazy\" decoding=\"async\" width=\"1024\" height=\"575\" src=\"http:\/\/fibrainternacional.org\/wp-content\/uploads\/2022\/07\/Screenshot-2022-07-22-at-13.02.07-1024x575.png\" alt=\"\" class=\"wp-image-8832 size-full\" srcset=\"https:\/\/fibrainternacional.org\/wp-content\/uploads\/2022\/07\/Screenshot-2022-07-22-at-13.02.07-1024x575.png 1024w, https:\/\/fibrainternacional.org\/wp-content\/uploads\/2022\/07\/Screenshot-2022-07-22-at-13.02.07-600x337.png 600w, https:\/\/fibrainternacional.org\/wp-content\/uploads\/2022\/07\/Screenshot-2022-07-22-at-13.02.07-300x168.png 300w, https:\/\/fibrainternacional.org\/wp-content\/uploads\/2022\/07\/Screenshot-2022-07-22-at-13.02.07-768x431.png 768w, https:\/\/fibrainternacional.org\/wp-content\/uploads\/2022\/07\/Screenshot-2022-07-22-at-13.02.07.png 1076w\" sizes=\"(max-width: 1024px) 100vw, 1024px\" \/><\/figure><div class=\"wp-block-media-text__content\">\n<p class=\"has-small-font-size\">Nesse 5\u00b0 epis\u00f3dio da s\u00e9rie Fibra Petroleira &amp; Coletes Ab\u00f3bora, debateremos com duas lideran\u00e7as sindicais convidados dos nossos moderadores, que nos atualizar\u00e3o sobre a luta dos trabalhadores brasileiros contra o atual (des)governo e sua pol\u00edtica de desmonte do Estado de Direito. Convidados: S\u00e9rgio Ronaldo, coordenador geral da Condsef (Confedera\u00e7\u00e3o dos Servidores P\u00fablicos Federais), falar\u00e1 sobre a luta dos servidores federais contra a reforma administrativa e a PEC 32, e sobre a mobiliza\u00e7\u00e3o pela recomposi\u00e7\u00e3o salarial em curso. Gerson Castellano, petroqu\u00edmico e mestre em m\u00f3dulos matem\u00e1ticos pela UTFPR. <\/p>\n<\/div><\/div>\n\n\n\n<p><mark style=\"background-color:rgba(0, 0, 0, 0)\" class=\"has-inline-color has-vivid-red-color\"><strong>06.03.2022 &#8211; Programa 6 <\/strong><\/mark>Vozes de FIBRA: <a href=\"https:\/\/youtu.be\/p3AconNRj4Y\" target=\"_blank\" rel=\"noreferrer noopener\"><strong>Fibra Petroleira &amp; Coletes Ab\u00f3bora #4<\/strong><\/a><\/p>\n\n\n\n<div class=\"wp-block-media-text alignwide is-stacked-on-mobile\" style=\"grid-template-columns:35% auto\"><figure class=\"wp-block-media-text__media\"><img loading=\"lazy\" decoding=\"async\" width=\"1024\" height=\"575\" src=\"http:\/\/fibrainternacional.org\/wp-content\/uploads\/2022\/03\/Screenshot-2022-03-10-at-10.16.58-1024x575.png\" alt=\"\" class=\"wp-image-8427 size-full\" srcset=\"https:\/\/fibrainternacional.org\/wp-content\/uploads\/2022\/03\/Screenshot-2022-03-10-at-10.16.58-1024x575.png 1024w, https:\/\/fibrainternacional.org\/wp-content\/uploads\/2022\/03\/Screenshot-2022-03-10-at-10.16.58-600x337.png 600w, https:\/\/fibrainternacional.org\/wp-content\/uploads\/2022\/03\/Screenshot-2022-03-10-at-10.16.58-300x168.png 300w, https:\/\/fibrainternacional.org\/wp-content\/uploads\/2022\/03\/Screenshot-2022-03-10-at-10.16.58-768x431.png 768w, https:\/\/fibrainternacional.org\/wp-content\/uploads\/2022\/03\/Screenshot-2022-03-10-at-10.16.58.png 1076w\" sizes=\"(max-width: 1024px) 100vw, 1024px\" \/><\/figure><div class=\"wp-block-media-text__content\">\n<p class=\"has-small-font-size\">Nesse domingo, anti-v\u00e9spera do Dia Internacional da Mulher, temos a honra de receber uma mulher com muita \u00ab&nbsp;fibra&nbsp; petroleira&nbsp;\u00bb que nos ajudar\u00e0 a entender os caminhos golpistas do projeto de desmoste da Petrobras&nbsp;: o patrim\u00f4nio perdido, o impacto sobre a classe trabalhadora e a sociedade civil e finalmente, o que aguarda o setor em consequ\u00eancia deste projeto entreguista.. Ros\u00e2ngela Buzanelli Torres \u00e9 geofisica senior na Petrobr\u00e1s e Conselheira Reeleita ao CA (Conselho de Administra\u00e7\u00e3o) onde atua como representante dos trabalhadores e trabalhadoras. Engenheira ge\u00f3loga formada pela Universidade Federal de Ouro Preto (UFOP) com mestrado em Sensoriamento Remoto pelo Instituto Nacional de Pesquisas Espaciais (INPE).<\/p>\n<\/div><\/div>\n\n\n\n<p><mark style=\"background-color:rgba(0, 0, 0, 0)\" class=\"has-inline-color has-vivid-red-color\"><strong>06.02.2022 &#8211; Programa 5 <\/strong><\/mark>Vozes de FIBRA: <a href=\"https:\/\/youtu.be\/cyXwylWGrpA\" target=\"_blank\" rel=\"noreferrer noopener\"><strong>Fibra Petroleira &amp; Coletes Ab\u00f3bora #3<\/strong><\/a><\/p>\n\n\n\n<div class=\"wp-block-media-text alignwide is-stacked-on-mobile\" style=\"grid-template-columns:35% auto\"><figure class=\"wp-block-media-text__media\"><a href=\"https:\/\/youtu.be\/cyXwylWGrpA\"><img loading=\"lazy\" decoding=\"async\" width=\"1024\" height=\"496\" src=\"http:\/\/fibrainternacional.org\/wp-content\/uploads\/2022\/03\/Screenshot-2022-03-10-at-10.13.07-1024x496.png\" alt=\"\" class=\"wp-image-8426 size-full\" srcset=\"https:\/\/fibrainternacional.org\/wp-content\/uploads\/2022\/03\/Screenshot-2022-03-10-at-10.13.07-1024x496.png 1024w, https:\/\/fibrainternacional.org\/wp-content\/uploads\/2022\/03\/Screenshot-2022-03-10-at-10.13.07-600x291.png 600w, https:\/\/fibrainternacional.org\/wp-content\/uploads\/2022\/03\/Screenshot-2022-03-10-at-10.13.07-300x145.png 300w, https:\/\/fibrainternacional.org\/wp-content\/uploads\/2022\/03\/Screenshot-2022-03-10-at-10.13.07-768x372.png 768w, https:\/\/fibrainternacional.org\/wp-content\/uploads\/2022\/03\/Screenshot-2022-03-10-at-10.13.07-1536x744.png 1536w, https:\/\/fibrainternacional.org\/wp-content\/uploads\/2022\/03\/Screenshot-2022-03-10-at-10.13.07-2048x992.png 2048w, https:\/\/fibrainternacional.org\/wp-content\/uploads\/2022\/03\/Screenshot-2022-03-10-at-10.13.07-1170x567.png 1170w\" sizes=\"(max-width: 1024px) 100vw, 1024px\" \/><\/a><\/figure><div class=\"wp-block-media-text__content\">\n<p class=\"has-small-font-size\">O programa \u00ab Fibra Petroleira &amp; Coletes Ab\u00f2bora \u00bb tem por objetivo ajudar a desvendar os caminhos golpistas do projeto de desmonte da Petrobras: o patrim\u00f4nio perdido, o impacto sobre a classe trabalhadora e a sociedade civil e finalmente, o que aguarda o setor em consequ\u00eancia deste projeto entreguista. O programa \u00e9 tamb\u00e9m um convite a todos a vestir tamb\u00e9m um Colete Ab\u00f3bora (inspirado no movimento franc\u00eas Coletes Amarelo) para impedir o fim da maior empresa brasileira conscientizando a popula\u00e7\u00e3o de que a soberania energ\u00e9tica do Brasil \u00e9 um sonho poss\u00edvel que precisa ser resgatado.<\/p>\n<\/div><\/div>\n\n\n\n<p class=\"has-medium-font-size\"><mark style=\"background-color:rgba(0, 0, 0, 0)\" class=\"has-inline-color has-vivid-red-color\"><\/mark><\/p>\n\n\n\n<p><mark style=\"background-color:rgba(0, 0, 0, 0)\" class=\"has-inline-color has-vivid-red-color\"><strong>05.12.2021 &#8211; Programa 4 <\/strong><\/mark>Vozes de FIBRA: <a href=\"https:\/\/youtu.be\/Z2aqRsPa_JE\" target=\"_blank\" rel=\"noreferrer noopener\"><strong>Fibra Petroleira &amp; Coletes Ab\u00f3bora #2<\/strong><\/a> <\/p>\n\n\n\n<div class=\"wp-block-media-text alignwide is-stacked-on-mobile\" style=\"grid-template-columns:33% auto\"><figure class=\"wp-block-media-text__media\"><img loading=\"lazy\" decoding=\"async\" width=\"1024\" height=\"576\" src=\"http:\/\/fibrainternacional.org\/wp-content\/uploads\/2021\/12\/Screenshot-2021-12-12-at-20.40.41-1024x576.png\" alt=\"\" class=\"wp-image-7749 size-full\" srcset=\"https:\/\/fibrainternacional.org\/wp-content\/uploads\/2021\/12\/Screenshot-2021-12-12-at-20.40.41-1024x576.png 1024w, https:\/\/fibrainternacional.org\/wp-content\/uploads\/2021\/12\/Screenshot-2021-12-12-at-20.40.41-600x337.png 600w, https:\/\/fibrainternacional.org\/wp-content\/uploads\/2021\/12\/Screenshot-2021-12-12-at-20.40.41-300x169.png 300w, https:\/\/fibrainternacional.org\/wp-content\/uploads\/2021\/12\/Screenshot-2021-12-12-at-20.40.41-768x432.png 768w, https:\/\/fibrainternacional.org\/wp-content\/uploads\/2021\/12\/Screenshot-2021-12-12-at-20.40.41-1536x864.png 1536w, https:\/\/fibrainternacional.org\/wp-content\/uploads\/2021\/12\/Screenshot-2021-12-12-at-20.40.41-2048x1151.png 2048w, https:\/\/fibrainternacional.org\/wp-content\/uploads\/2021\/12\/Screenshot-2021-12-12-at-20.40.41-1170x658.png 1170w\" sizes=\"(max-width: 1024px) 100vw, 1024px\" \/><\/figure><div class=\"wp-block-media-text__content\">\n<p class=\"has-small-font-size\">O tema do nosso segundo programa ser\u00e1 &#8220;EXXON MOBIL na Foz do S\u00e3o Francisco&#8221;. Com nossos debatedores, iremos descobrir um projeto de cess\u00e3o de nossos recursos naturais \u00e0 empresa EXXON MOBIL na costa de Alagoas e Sergipe, na Foz do S\u00e3o Francisco. Para debater com nossos moderadores o petroleiro Luiz M\u00e1rio Nogueira Dias e Alex Noronha, professor e diretor da Sindisep RJ, convidamos dois atores da luta contra a EXXON MOBIL: Divaneide Souza, da Articula\u00e7\u00e3o Popular S\u00e3o Francisco Vivo e Jer\u00f4nimo Bas\u00eclio S\u00e3o Mateus, advogado e mestre em Direito Ambiental. Apresenta\u00e7\u00e3o : Rebeca R. Lang, do Collectif Alerte France Br\u00e9sil \/ MD18, membro da FIBRA.<\/p>\n<\/div><\/div>\n\n\n\n<p><mark style=\"background-color:rgba(0, 0, 0, 0)\" class=\"has-inline-color has-vivid-red-color\"><strong>07.11.2021 &#8211; Programa 3 <\/strong><\/mark>Vozes de FIBRA: Fibra Petroleira &amp; Cole<strong><a href=\"https:\/\/youtu.be\/xDC6qDVfWZQ\" target=\"_blank\" rel=\"noreferrer noopener\">tes Ab\u00f3bora #1<\/a><\/strong><\/p>\n\n\n\n<div class=\"wp-block-media-text alignwide is-stacked-on-mobile\" style=\"grid-template-columns:33% auto\"><figure class=\"wp-block-media-text__media\"><img loading=\"lazy\" decoding=\"async\" width=\"1024\" height=\"574\" src=\"http:\/\/fibrainternacional.org\/wp-content\/uploads\/2021\/12\/Screenshot-2021-12-12-at-20.32.01-1024x574.png\" alt=\"\" class=\"wp-image-7747 size-full\" srcset=\"https:\/\/fibrainternacional.org\/wp-content\/uploads\/2021\/12\/Screenshot-2021-12-12-at-20.32.01-1024x574.png 1024w, https:\/\/fibrainternacional.org\/wp-content\/uploads\/2021\/12\/Screenshot-2021-12-12-at-20.32.01-600x336.png 600w, https:\/\/fibrainternacional.org\/wp-content\/uploads\/2021\/12\/Screenshot-2021-12-12-at-20.32.01-300x168.png 300w, https:\/\/fibrainternacional.org\/wp-content\/uploads\/2021\/12\/Screenshot-2021-12-12-at-20.32.01-768x431.png 768w, https:\/\/fibrainternacional.org\/wp-content\/uploads\/2021\/12\/Screenshot-2021-12-12-at-20.32.01-1536x861.png 1536w, https:\/\/fibrainternacional.org\/wp-content\/uploads\/2021\/12\/Screenshot-2021-12-12-at-20.32.01-2048x1148.png 2048w, https:\/\/fibrainternacional.org\/wp-content\/uploads\/2021\/12\/Screenshot-2021-12-12-at-20.32.01-1170x656.png 1170w\" sizes=\"(max-width: 1024px) 100vw, 1024px\" \/><\/figure><div class=\"wp-block-media-text__content\">\n<p class=\"has-small-font-size\">Estr\u00e9ia da s\u00e9rie Fibra Petroleira &amp; Coletes Ab\u00f3bora. Projeto do Coletivo Alerte France Br\u00e9sil \/ MD18, em parceria com o movimento \u00abPrivatizar Faz Mal ao Brasil, Reage Brasileiro! A nova s\u00e9rie do Vozes, com nossos amigos petroleiros, ajuda a desvendar os caminhos golpistas do projeto de desmonte da Petrobras: o patrim\u00f4nio perdido, o impacto sobre a classe trabalhadora e o que aguarda o setor em consequ\u00eancia deste projeto entreguista. O programa \u00e9 um convite a todos a vestir tamb\u00e9m um Colete Ab\u00f3bora para impedir o fim da maior empresa brasileira. Apresenta\u00e7\u00e3o : Rebeca R. Lang do Collectif (Alerte France Br\u00e9sil \/ Md18). Modera\u00e7\u00e3o : Luiz M\u00e1rio Nogueira Dias, petroleiro, professor e t\u00e9cnico industrial em edifica\u00e7\u00f5es, coodenador da campanha Coletes Ab\u00f3bora e Privatizar Faz Mal Ao Brasil. Convidado: Alex Noronha, servidor p\u00fablico federal e professor da rede estadual de educa\u00e7\u00e3o no Rio de Janeiro e diretor do Sindisep-RJ. Participa\u00e7\u00e3o especial : coletivos da FIBRA.<\/p>\n<\/div><\/div>\n\n\n\n<p><mark style=\"background-color:rgba(0, 0, 0, 0)\" class=\"has-inline-color has-vivid-red-color\"><strong>03.10.2021 &#8211; Programa 2<\/strong><\/mark> <a href=\"https:\/\/youtu.be\/MFzalqKjNvw\" target=\"_blank\" rel=\"noreferrer noopener\"><strong>Vozes de Fibra: 68 anos da Petrobras: protesto e den\u00fancia<\/strong><\/a><\/p>\n\n\n\n<div class=\"wp-block-media-text alignwide is-stacked-on-mobile\" style=\"grid-template-columns:33% auto\"><figure class=\"wp-block-media-text__media\"><img loading=\"lazy\" decoding=\"async\" width=\"1024\" height=\"577\" src=\"http:\/\/fibrainternacional.org\/wp-content\/uploads\/2021\/12\/Screenshot-2021-12-12-at-20.09.57-1024x577.png\" alt=\"\" class=\"wp-image-7746 size-full\" srcset=\"https:\/\/fibrainternacional.org\/wp-content\/uploads\/2021\/12\/Screenshot-2021-12-12-at-20.09.57-1024x577.png 1024w, https:\/\/fibrainternacional.org\/wp-content\/uploads\/2021\/12\/Screenshot-2021-12-12-at-20.09.57-600x338.png 600w, https:\/\/fibrainternacional.org\/wp-content\/uploads\/2021\/12\/Screenshot-2021-12-12-at-20.09.57-300x169.png 300w, https:\/\/fibrainternacional.org\/wp-content\/uploads\/2021\/12\/Screenshot-2021-12-12-at-20.09.57-768x432.png 768w, https:\/\/fibrainternacional.org\/wp-content\/uploads\/2021\/12\/Screenshot-2021-12-12-at-20.09.57-1536x865.png 1536w, https:\/\/fibrainternacional.org\/wp-content\/uploads\/2021\/12\/Screenshot-2021-12-12-at-20.09.57-2048x1153.png 2048w, https:\/\/fibrainternacional.org\/wp-content\/uploads\/2021\/12\/Screenshot-2021-12-12-at-20.09.57-1170x659.png 1170w\" sizes=\"(max-width: 1024px) 100vw, 1024px\" \/><\/figure><div class=\"wp-block-media-text__content\">\n<p class=\"has-small-font-size\">Neste domingo, o programa Vozes de Fibra teve Rebeca R. Lang (Paris) e M\u00edriam Casas (Alemanha) conversando com Luis M\u00e1rio Nogueira Dias, ex-diretor do Sindipetro\/RJ e Enaldo Barcelos Rego, engenheiro el\u00e9trico, especialista em \u00f3leo e g\u00e1s, petroleiro aposentado em 2016.<\/p>\n<\/div><\/div>\n\n\n\n<p><mark style=\"background-color:rgba(0, 0, 0, 0)\" class=\"has-inline-color has-vivid-red-color\"><strong>06.06.2021 &#8211; Programa 1<\/strong><\/mark> <a href=\"https:\/\/youtu.be\/vrUjEgQxM8E\" target=\"_blank\" rel=\"noreferrer noopener\"><strong>A Petrobras (e o pr\u00e9-sal) ainda pertencem ao povo brasileiro ?<\/strong><\/a><\/p>\n\n\n\n<div class=\"wp-block-media-text alignwide is-stacked-on-mobile\" style=\"grid-template-columns:33% auto\"><figure class=\"wp-block-media-text__media\"><img loading=\"lazy\" decoding=\"async\" width=\"1024\" height=\"576\" src=\"http:\/\/fibrainternacional.org\/wp-content\/uploads\/2021\/12\/Screenshot-2021-12-12-at-19.54.23-1024x576.png\" alt=\"\" class=\"wp-image-7745 size-full\" srcset=\"https:\/\/fibrainternacional.org\/wp-content\/uploads\/2021\/12\/Screenshot-2021-12-12-at-19.54.23-1024x576.png 1024w, https:\/\/fibrainternacional.org\/wp-content\/uploads\/2021\/12\/Screenshot-2021-12-12-at-19.54.23-600x338.png 600w, https:\/\/fibrainternacional.org\/wp-content\/uploads\/2021\/12\/Screenshot-2021-12-12-at-19.54.23-300x169.png 300w, https:\/\/fibrainternacional.org\/wp-content\/uploads\/2021\/12\/Screenshot-2021-12-12-at-19.54.23-768x432.png 768w, https:\/\/fibrainternacional.org\/wp-content\/uploads\/2021\/12\/Screenshot-2021-12-12-at-19.54.23-1170x659.png 1170w, https:\/\/fibrainternacional.org\/wp-content\/uploads\/2021\/12\/Screenshot-2021-12-12-at-19.54.23.png 1176w\" sizes=\"(max-width: 1024px) 100vw, 1024px\" \/><\/figure><div class=\"wp-block-media-text__content\">\n<p class=\"has-small-font-size\">Neste domingo, o programa Vozes de Fibra teve Rebeca R. Lang conversando com Luis M\u00e1rio Nogueira Dias, ex-diretor do Sindipetro\/RJ e Raquel Nunes, agr\u00f4noma da P.etrobras Biocombust\u00edvel.<\/p>\n<\/div><\/div>\n","protected":false},"excerpt":{"rendered":"<p>03.07.2022 &#8211; Programa 10 Vozes de FIBRA: Fibra Petroleira &amp; Coletes Ab\u00f3bora #8 Para nos ajudar a entender melhor o que caber\u00e1 \u00e0 milit\u00e2ncia (nacional<\/p>\n","protected":false},"author":2,"featured_media":0,"parent":0,"menu_order":0,"comment_status":"open","ping_status":"open","template":"","meta":{"om_disable_all_campaigns":false,"_eb_attr":"","footnotes":""},"class_list":["post-7744","page","type-page","status-publish","hentry","three-columns"],"aioseo_notices":[],"rttpg_featured_image_url":null,"rttpg_author":{"display_name":"clearwaterdijk","author_link":"https:\/\/fibrainternacional.org\/?author=2"},"rttpg_comment":0,"rttpg_category":null,"rttpg_excerpt":"03.07.2022 &#8211; Programa 10 Vozes de FIBRA: Fibra Petroleira &amp; Coletes Ab\u00f3bora #8 Para nos ajudar a entender melhor o que caber\u00e1 \u00e0 milit\u00e2ncia (nacional","_links":{"self":[{"href":"https:\/\/fibrainternacional.org\/index.php?rest_route=\/wp\/v2\/pages\/7744","targetHints":{"allow":["GET"]}}],"collection":[{"href":"https:\/\/fibrainternacional.org\/index.php?rest_route=\/wp\/v2\/pages"}],"about":[{"href":"https:\/\/fibrainternacional.org\/index.php?rest_route=\/wp\/v2\/types\/page"}],"author":[{"embeddable":true,"href":"https:\/\/fibrainternacional.org\/index.php?rest_route=\/wp\/v2\/users\/2"}],"replies":[{"embeddable":true,"href":"https:\/\/fibrainternacional.org\/index.php?rest_route=%2Fwp%2Fv2%2Fcomments&post=7744"}],"version-history":[{"count":6,"href":"https:\/\/fibrainternacional.org\/index.php?rest_route=\/wp\/v2\/pages\/7744\/revisions"}],"predecessor-version":[{"id":8842,"href":"https:\/\/fibrainternacional.org\/index.php?rest_route=\/wp\/v2\/pages\/7744\/revisions\/8842"}],"wp:attachment":[{"href":"https:\/\/fibrainternacional.org\/index.php?rest_route=%2Fwp%2Fv2%2Fmedia&parent=7744"}],"curies":[{"name":"wp","href":"https:\/\/api.w.org\/{rel}","templated":true}]}}