{"id":8345,"date":"2022-02-25T21:22:47","date_gmt":"2022-02-25T20:22:47","guid":{"rendered":"http:\/\/fibrainternacional.org\/?page_id=8345"},"modified":"2022-04-04T14:23:11","modified_gmt":"2022-04-04T12:23:11","slug":"mulheres-de-fibra","status":"publish","type":"page","link":"https:\/\/fibrainternacional.org\/?page_id=8345","title":{"rendered":"Mulheres de Fibra"},"content":{"rendered":"\n<p style=\"font-size:22px;line-height:1.6\">Programa de entrevistas, que vai ao ar sempre no \u00faltimo s\u00e1bado de cada m\u00eas, \u00e0s 16 horas de Bras\u00edlia. \u00c9 produzido e apresentado por Ren\u00ea de Mello.<\/p>\n\n\n\n<p style=\"font-size:22px;line-height:1.6\">O programa pode ser acompanhado em nossas redes sociais:<br>&#8211; Youtube e Facebook: <strong>@fibrafrenteinternacional<\/strong>  <br>&#8211; Twitter: <strong>@fibra2018<\/strong> <\/p>\n\n\n\n<hr class=\"wp-block-separator\"\/>\n\n\n\n<p><strong><mark style=\"background-color:rgba(0, 0, 0, 0)\" class=\"has-inline-color has-vivid-purple-color\">Programa 03 &#8211; 02.04.2022<\/mark><\/strong><\/p>\n\n\n\n<figure class=\"wp-block-embed is-type-video is-provider-youtube wp-block-embed-youtube wp-embed-aspect-16-9 wp-has-aspect-ratio\"><div class=\"wp-block-embed__wrapper\">\n<iframe title=\"Mulheres de FIBRA Especial &quot;Abril, Povos Ind\u00edgenas&quot;\" width=\"640\" height=\"360\" src=\"https:\/\/www.youtube.com\/embed\/15Dzt_4muZE?feature=oembed\" frameborder=\"0\" allow=\"accelerometer; autoplay; clipboard-write; encrypted-media; gyroscope; picture-in-picture; web-share\" referrerpolicy=\"strict-origin-when-cross-origin\" allowfullscreen><\/iframe>\n<\/div><figcaption>Mulheres de FIBRA Especial &#8220;Abril, Povos Ind\u00edgenas&#8221;<\/figcaption><\/figure>\n\n\n\n<p><strong><mark style=\"background-color:rgba(0, 0, 0, 0)\" class=\"has-inline-color has-vivid-purple-color\">Programa 02 &#8211; 26.02.2022<\/mark><\/strong><\/p>\n\n\n\n<figure class=\"wp-block-embed is-type-video is-provider-youtube wp-block-embed-youtube wp-embed-aspect-16-9 wp-has-aspect-ratio\"><div class=\"wp-block-embed__wrapper\">\n<iframe title=\"Mulheres de FIBRA Entrevista Tamires Sampaio\" width=\"640\" height=\"360\" src=\"https:\/\/www.youtube.com\/embed\/pNtnw2iXUzs?feature=oembed\" frameborder=\"0\" allow=\"accelerometer; autoplay; clipboard-write; encrypted-media; gyroscope; picture-in-picture; web-share\" referrerpolicy=\"strict-origin-when-cross-origin\" allowfullscreen><\/iframe>\n<\/div><figcaption>Mulheres de FIBRA Entrevista Tamires Sampaio.<\/figcaption><\/figure>\n\n\n\n<p><strong><mark style=\"background-color:rgba(0, 0, 0, 0)\" class=\"has-inline-color has-vivid-purple-color\">Programa 01 &#8211; 29.01.2022<\/mark><\/strong><\/p>\n\n\n\n<figure class=\"wp-block-embed is-type-video is-provider-youtube wp-block-embed-youtube wp-embed-aspect-16-9 wp-has-aspect-ratio\"><div class=\"wp-block-embed__wrapper\">\n<iframe title=\"Mulheres de FIBRA - Estr\u00e9ia com M\u00e1rcia Tiburi\" width=\"640\" height=\"360\" src=\"https:\/\/www.youtube.com\/embed\/jlrhMUtgzOw?feature=oembed\" frameborder=\"0\" allow=\"accelerometer; autoplay; clipboard-write; encrypted-media; gyroscope; picture-in-picture; web-share\" referrerpolicy=\"strict-origin-when-cross-origin\" allowfullscreen><\/iframe>\n<\/div><figcaption>Programa de estreia com M\u00e1rcia Tiburi.<\/figcaption><\/figure>\n","protected":false},"excerpt":{"rendered":"<p>Programa de entrevistas, que vai ao ar sempre no \u00faltimo s\u00e1bado de cada m\u00eas, \u00e0s 16 horas de Bras\u00edlia. \u00c9 produzido e apresentado por Ren\u00ea<\/p>\n","protected":false},"author":2,"featured_media":5366,"parent":1046,"menu_order":0,"comment_status":"closed","ping_status":"closed","template":"","meta":{"om_disable_all_campaigns":false,"_eb_attr":"","footnotes":""},"class_list":["post-8345","page","type-page","status-publish","has-post-thumbnail","hentry","three-columns"],"aioseo_notices":[],"rttpg_featured_image_url":null,"rttpg_author":{"display_name":"clearwaterdijk","author_link":"https:\/\/fibrainternacional.org\/?author=2"},"rttpg_comment":0,"rttpg_category":null,"rttpg_excerpt":"Programa de entrevistas, que vai ao ar sempre no \u00faltimo s\u00e1bado de cada m\u00eas, \u00e0s 16 horas de Bras\u00edlia. \u00c9 produzido e apresentado por Ren\u00ea","_links":{"self":[{"href":"https:\/\/fibrainternacional.org\/index.php?rest_route=\/wp\/v2\/pages\/8345","targetHints":{"allow":["GET"]}}],"collection":[{"href":"https:\/\/fibrainternacional.org\/index.php?rest_route=\/wp\/v2\/pages"}],"about":[{"href":"https:\/\/fibrainternacional.org\/index.php?rest_route=\/wp\/v2\/types\/page"}],"author":[{"embeddable":true,"href":"https:\/\/fibrainternacional.org\/index.php?rest_route=\/wp\/v2\/users\/2"}],"replies":[{"embeddable":true,"href":"https:\/\/fibrainternacional.org\/index.php?rest_route=%2Fwp%2Fv2%2Fcomments&post=8345"}],"version-history":[{"count":3,"href":"https:\/\/fibrainternacional.org\/index.php?rest_route=\/wp\/v2\/pages\/8345\/revisions"}],"predecessor-version":[{"id":8569,"href":"https:\/\/fibrainternacional.org\/index.php?rest_route=\/wp\/v2\/pages\/8345\/revisions\/8569"}],"up":[{"embeddable":true,"href":"https:\/\/fibrainternacional.org\/index.php?rest_route=\/wp\/v2\/pages\/1046"}],"wp:featuredmedia":[{"embeddable":true,"href":"https:\/\/fibrainternacional.org\/index.php?rest_route=\/"}],"wp:attachment":[{"href":"https:\/\/fibrainternacional.org\/index.php?rest_route=%2Fwp%2Fv2%2Fmedia&parent=8345"}],"curies":[{"name":"wp","href":"https:\/\/api.w.org\/{rel}","templated":true}]}}

<p style="font-size:22px;line-height:1.6">Programa de entrevistas, que vai ao ar sempre no último sábado de cada mês, às 16 horas de Brasília. É produzido e apresentado por Renê de Mello.</p>



<p style="font-size:22px;line-height:1.6">O programa pode ser acompanhado em nossas redes sociais:<br>&#8211; Youtube e Facebook: <strong>@fibrafrenteinternacional</strong>  <br>&#8211; Twitter: <strong>@fibra2018</strong> </p>



<hr class="wp-block-separator"/>



<p><strong><mark style="background-color:rgba(0, 0, 0, 0)" class="has-inline-color has-vivid-purple-color">Programa 03 &#8211; 02.04.2022</mark></strong></p>



<figure class="wp-block-embed is-type-video is-provider-youtube wp-block-embed-youtube wp-embed-aspect-16-9 wp-has-aspect-ratio"><div class="wp-block-embed__wrapper">
<iframe title="Mulheres de FIBRA Especial &quot;Abril, Povos Indígenas&quot;" width="640" height="360" src="https://www.youtube.com/embed/15Dzt_4muZE?feature=oembed" frameborder="0" allow="accelerometer; autoplay; clipboard-write; encrypted-media; gyroscope; picture-in-picture; web-share" referrerpolicy="strict-origin-when-cross-origin" allowfullscreen></iframe>
</div><figcaption>Mulheres de FIBRA Especial &#8220;Abril, Povos Indígenas&#8221;</figcaption></figure>



<p><strong><mark style="background-color:rgba(0, 0, 0, 0)" class="has-inline-color has-vivid-purple-color">Programa 02 &#8211; 26.02.2022</mark></strong></p>



<figure class="wp-block-embed is-type-video is-provider-youtube wp-block-embed-youtube wp-embed-aspect-16-9 wp-has-aspect-ratio"><div class="wp-block-embed__wrapper">
<iframe title="Mulheres de FIBRA Entrevista Tamires Sampaio" width="640" height="360" src="https://www.youtube.com/embed/pNtnw2iXUzs?feature=oembed" frameborder="0" allow="accelerometer; autoplay; clipboard-write; encrypted-media; gyroscope; picture-in-picture; web-share" referrerpolicy="strict-origin-when-cross-origin" allowfullscreen></iframe>
</div><figcaption>Mulheres de FIBRA Entrevista Tamires Sampaio.</figcaption></figure>



<p><strong><mark style="background-color:rgba(0, 0, 0, 0)" class="has-inline-color has-vivid-purple-color">Programa 01 &#8211; 29.01.2022</mark></strong></p>



<figure class="wp-block-embed is-type-video is-provider-youtube wp-block-embed-youtube wp-embed-aspect-16-9 wp-has-aspect-ratio"><div class="wp-block-embed__wrapper">
<iframe title="Mulheres de FIBRA - Estréia com Márcia Tiburi" width="640" height="360" src="https://www.youtube.com/embed/jlrhMUtgzOw?feature=oembed" frameborder="0" allow="accelerometer; autoplay; clipboard-write; encrypted-media; gyroscope; picture-in-picture; web-share" referrerpolicy="strict-origin-when-cross-origin" allowfullscreen></iframe>
</div><figcaption>Programa de estreia com Márcia Tiburi.</figcaption></figure>

<p>Programa de entrevistas, que vai ao ar sempre no último sábado de cada mês, às 16 horas de Brasília. É produzido e apresentado por Renê</p>

Programa de entrevistas, que vai ao ar sempre no último sábado de cada mês, às 16 horas de Brasília. É produzido e apresentado por Renê
