{"id":9658,"date":"2023-03-20T09:24:25","date_gmt":"2023-03-20T08:24:25","guid":{"rendered":"http:\/\/fibrainternacional.org\/?page_id=9658"},"modified":"2023-03-20T23:35:36","modified_gmt":"2023-03-20T22:35:36","slug":"em-memoria-de-alau","status":"publish","type":"page","link":"https:\/\/fibrainternacional.org\/?page_id=9658","title":{"rendered":"Em mem\u00f3ria de Alau"},"content":{"rendered":"\n<p>Espa\u00e7o destinado a honrar a mem\u00f3ria de nosso amigo e companheiro <strong>Edgard Antunes Dias Batista<\/strong>, ou Alau, como gostava de ser identificado nas redes sociais.<\/p>\n\n\n\n<p><strong>Edgard <\/strong>\u00e9 por n\u00f3s considerado o primeiro articulador entre os Coletivos e grupos que em 2016 \u00edam surgindo nas redes sociais com o prop\u00f3sito de denunciar e lutar contra o impeachment de Dilma Rosseff. Seu trabalho cuidadoso de contactar cada pessoa e estimular que estas tamb\u00e9m contactassem outras para conversar e unir for\u00e7as, foi dando forma a uma intera\u00e7\u00e3o \u00fanica e in\u00e9dita (\u00e0 \u00e9poca) \u00e0 luta pol\u00edtica e ao ativismo brasileiro no exterior. Surgia assim uma rede de brasileiros e brasileiras, que viria a ser chamada posteriormente de FIBRA &#8211; acr\u00f4nimo idealizado por Edgard. <\/p>\n\n\n\n<p>As a\u00e7\u00f5es e eventos protagonizados nestes 7 anos da FIBRA s\u00e3o hoje hist\u00f3ria da pol\u00edtica nacional, a qual confunde-se com a deste companheiro <em>solar<\/em>, criativo, inovador e com uma energia voltada a mover pessoas e o mundo a sua volta.<\/p>\n\n\n\n<hr class=\"wp-block-separator has-alpha-channel-opacity\"\/>\n\n\n\n<p><strong>Visite as redes sociais:<\/strong><\/p>\n\n\n\n<p><a href=\"https:\/\/www.facebook.com\/edgardbatista\" target=\"_blank\" rel=\"noreferrer noopener\">P\u00e1gina pessoal no Facebook<\/a> | <a href=\"https:\/\/www.facebook.com\/pelademocraciaecontraogolpe\" target=\"_blank\" rel=\"noreferrer noopener\">P\u00e1gina do BRASSAR<\/a> | <\/p>\n\n\n\n<p class=\"has-luminous-vivid-amber-background-color has-background\"><strong>Deixamos aqui alguns registros e links para honrar sua passagem por n\u00f3s e convidamos voc\u00ea a deixar neste blog (mais abaixo) uma mensagem sobre\/para o Alau.<\/strong><\/p>\n\n\n\n<div class=\"wp-block-media-text alignwide is-stacked-on-mobile\"><figure class=\"wp-block-media-text__media\"><img fetchpriority=\"high\" decoding=\"async\" width=\"1024\" height=\"575\" src=\"http:\/\/fibrainternacional.org\/wp-content\/uploads\/2023\/03\/Screenshot-2023-03-20-at-10.30.06-1024x575.png\" alt=\"\" class=\"wp-image-9668 size-full\" srcset=\"https:\/\/fibrainternacional.org\/wp-content\/uploads\/2023\/03\/Screenshot-2023-03-20-at-10.30.06-1024x575.png 1024w, https:\/\/fibrainternacional.org\/wp-content\/uploads\/2023\/03\/Screenshot-2023-03-20-at-10.30.06-300x168.png 300w, https:\/\/fibrainternacional.org\/wp-content\/uploads\/2023\/03\/Screenshot-2023-03-20-at-10.30.06-768x431.png 768w, https:\/\/fibrainternacional.org\/wp-content\/uploads\/2023\/03\/Screenshot-2023-03-20-at-10.30.06-1536x862.png 1536w, https:\/\/fibrainternacional.org\/wp-content\/uploads\/2023\/03\/Screenshot-2023-03-20-at-10.30.06-2048x1150.png 2048w, https:\/\/fibrainternacional.org\/wp-content\/uploads\/2023\/03\/Screenshot-2023-03-20-at-10.30.06-1170x657.png 1170w, https:\/\/fibrainternacional.org\/wp-content\/uploads\/2023\/03\/Screenshot-2023-03-20-at-10.30.06-600x337.png 600w\" sizes=\"(max-width: 1024px) 100vw, 1024px\" \/><\/figure><div class=\"wp-block-media-text__content\">\n<p class=\"has-medium-font-size\"><strong><a href=\"http:\/\/fibrainternacional.org\/?p=9645\" target=\"_blank\" rel=\"noreferrer noopener\">Mensagem <\/a>da amiga e companheira de lutas M\u00e1rcia Nunes<\/strong><\/p>\n\n\n\n<p class=\"has-small-font-size\">&#8220;Edgard era ao mesmo tempo o cora\u00e7\u00e3o e a cabe\u00e7a da milit\u00e2ncia internacional. Vai fazer muita falta. Na verdade, j\u00e1 est\u00e1 fazendo. \u2764\ufe0f\u200d\ud83e\ude79 @edgar \u201cAlau\u201d, em nome da milit\u00e2ncia internacional, obrigada por tudo. Sem voc\u00ea a resist\u00eancia internacional n\u00e3o seria a mesma.<br>Que voc\u00ea esteja e fique bem. Onde quer que voc\u00ea se encontre.&#8221; \ud83d\ude4f\ud83c\udffe<br><strong>M\u00e1rcia Nunes<\/strong><br>(Coletivo Amsterdam pela Democracia\/Holanda)<\/p>\n<\/div><\/div>\n\n\n\n<div class=\"wp-block-media-text alignwide is-stacked-on-mobile\"><figure class=\"wp-block-media-text__media\"><video controls src=\"http:\/\/fibrainternacional.org\/wp-content\/uploads\/2023\/03\/20230316_1657001.mp4\"><\/video><\/figure><div class=\"wp-block-media-text__content\">\n<p class=\"has-medium-font-size\"><strong><a href=\"http:\/\/fibrainternacional.org\/?p=9650\" target=\"_blank\" rel=\"noreferrer noopener\">Mensagem<\/a> de Fl\u00e1via Costa<\/strong><\/p>\n\n\n\n<p class=\"has-small-font-size\"><strong>Edgar,<\/strong><br>Eu n\u00e3o te conheci, mas conhe\u00e7o tua obra. <br>Eu n\u00e3o tive o privil\u00e9gio de trocar palavras com voc\u00ea, mas tenho a honra de compartilhar tuas ideias. Eu nunca pude te dar um abra\u00e7o, mas sinto a for\u00e7a dos teus punhos de luta. Eu n\u00e3o pude ecoar a minha voz junto \u00e0 tua, mas sinto orgulho de levantar tuas bandeiras.<br>Obrigada por criar la\u00e7os t\u00e3o grandes, que mesmo aqueles que n\u00e3o partilharam a tua exist\u00eancia, possam levar adiante o teu legado.<br>Obrigada por nos fazer pessoas de FIBRA. <br><strong>Flavia Costa (membra da Fibra em Palma de Maiorca\/Barcelona)<\/strong><\/p>\n<\/div><\/div>\n\n\n\n<div class=\"wp-block-media-text alignwide is-stacked-on-mobile\"><figure class=\"wp-block-media-text__media\"><video controls src=\"http:\/\/fibrainternacional.org\/wp-content\/uploads\/2023\/03\/Namir-Martins-Alemanha.mp4\"><\/video><\/figure><div class=\"wp-block-media-text__content\">\n<p>Can\u00e7\u00e3o composta pela companheira Namir Martins (<a href=\"https:\/\/www.instagram.com\/coletivodemocraciaresiste\/\" target=\"_blank\" rel=\"noreferrer noopener\">Coletivo Democracia Resiste<\/a>), em homenagem ao Edgar.<br>Mar\u00e7o de 2023 \/ Kassel (Alemanha)<\/p>\n<\/div><\/div>\n\n\n\n<div class=\"wp-block-media-text alignwide is-stacked-on-mobile\"><figure class=\"wp-block-media-text__media\"><video controls src=\"http:\/\/fibrainternacional.org\/wp-content\/uploads\/2023\/03\/Namir_Obrigada-companheiro.-Ate-um-dia....mp4\"><\/video><\/figure><div class=\"wp-block-media-text__content\">\n<p>V\u00eddeo realizado pela equipe de produ\u00e7\u00e3o do canal do youtube da FIBRA, para o Programa Vozes de Fibra: <a href=\"https:\/\/www.youtube.com\/watch?v=TZhgcjgi1NM&amp;t=8s\" target=\"_blank\" rel=\"noreferrer noopener\">Luta e Luto. O Substantivo, o Verbo e a FIBRA<\/a><\/p>\n<\/div><\/div>\n\n\n\n<hr class=\"wp-block-separator has-alpha-channel-opacity\"\/>\n\n\n\n<p class=\"has-background\" style=\"background-color:#f7d370\"><strong>Registre sua mensagem<\/strong>: <a href=\"http:\/\/fibrainternacional.org\/?p=9645\" target=\"_blank\" rel=\"noreferrer noopener\">AQUI<\/a><\/p>\n","protected":false},"excerpt":{"rendered":"<p>Espa\u00e7o destinado a honrar a mem\u00f3ria de nosso amigo e companheiro Edgard Antunes Dias Batista, ou Alau, como gostava de ser identificado nas redes sociais.<\/p>\n","protected":false},"author":2,"featured_media":9667,"parent":0,"menu_order":0,"comment_status":"closed","ping_status":"closed","template":"","meta":{"om_disable_all_campaigns":false,"_eb_attr":"","footnotes":""},"class_list":["post-9658","page","type-page","status-publish","has-post-thumbnail","hentry","three-columns"],"aioseo_notices":[],"rttpg_featured_image_url":{"full":["https:\/\/fibrainternacional.org\/wp-content\/uploads\/2023\/03\/Screenshot-2023-03-20-at-10.04.50.png",2544,1428,false],"landscape":["https:\/\/fibrainternacional.org\/wp-content\/uploads\/2023\/03\/Screenshot-2023-03-20-at-10.04.50.png",2544,1428,false],"portraits":["https:\/\/fibrainternacional.org\/wp-content\/uploads\/2023\/03\/Screenshot-2023-03-20-at-10.04.50.png",2544,1428,false],"thumbnail":["https:\/\/fibrainternacional.org\/wp-content\/uploads\/2023\/03\/Screenshot-2023-03-20-at-10.04.50-150x150.png",150,150,true],"medium":["https:\/\/fibrainternacional.org\/wp-content\/uploads\/2023\/03\/Screenshot-2023-03-20-at-10.04.50-300x168.png",300,168,true],"large":["https:\/\/fibrainternacional.org\/wp-content\/uploads\/2023\/03\/Screenshot-2023-03-20-at-10.04.50-1024x575.png",640,359,true],"1536x1536":["https:\/\/fibrainternacional.org\/wp-content\/uploads\/2023\/03\/Screenshot-2023-03-20-at-10.04.50-1536x862.png",1536,862,true],"2048x2048":["https:\/\/fibrainternacional.org\/wp-content\/uploads\/2023\/03\/Screenshot-2023-03-20-at-10.04.50-2048x1150.png",2048,1150,true],"refined-magazine-carousel-img":["https:\/\/fibrainternacional.org\/wp-content\/uploads\/2023\/03\/Screenshot-2023-03-20-at-10.04.50-783x450.png",783,450,true],"refined-magazine-carousel-img-landscape":["https:\/\/fibrainternacional.org\/wp-content\/uploads\/2023\/03\/Screenshot-2023-03-20-at-10.04.50-783x225.png",783,225,true],"refined-magazine-carousel-large-img":["https:\/\/fibrainternacional.org\/wp-content\/uploads\/2023\/03\/Screenshot-2023-03-20-at-10.04.50-1000x574.png",1000,574,true],"refined-magazine-carousel-large-img-landscape":["https:\/\/fibrainternacional.org\/wp-content\/uploads\/2023\/03\/Screenshot-2023-03-20-at-10.04.50-1000x287.png",1000,287,true],"refined-magazine-large-thumb":["https:\/\/fibrainternacional.org\/wp-content\/uploads\/2023\/03\/Screenshot-2023-03-20-at-10.04.50-1170x657.png",1170,657,true],"refined-magazine-small-thumb":["https:\/\/fibrainternacional.org\/wp-content\/uploads\/2023\/03\/Screenshot-2023-03-20-at-10.04.50-350x220.png",350,220,true]},"rttpg_author":{"display_name":"clearwaterdijk","author_link":"https:\/\/fibrainternacional.org\/?author=2"},"rttpg_comment":0,"rttpg_category":null,"rttpg_excerpt":"Espa\u00e7o destinado a honrar a mem\u00f3ria de nosso amigo e companheiro Edgard Antunes Dias Batista, ou Alau, como gostava de ser identificado nas redes sociais.","_links":{"self":[{"href":"https:\/\/fibrainternacional.org\/index.php?rest_route=\/wp\/v2\/pages\/9658","targetHints":{"allow":["GET"]}}],"collection":[{"href":"https:\/\/fibrainternacional.org\/index.php?rest_route=\/wp\/v2\/pages"}],"about":[{"href":"https:\/\/fibrainternacional.org\/index.php?rest_route=\/wp\/v2\/types\/page"}],"author":[{"embeddable":true,"href":"https:\/\/fibrainternacional.org\/index.php?rest_route=\/wp\/v2\/users\/2"}],"replies":[{"embeddable":true,"href":"https:\/\/fibrainternacional.org\/index.php?rest_route=%2Fwp%2Fv2%2Fcomments&post=9658"}],"version-history":[{"count":5,"href":"https:\/\/fibrainternacional.org\/index.php?rest_route=\/wp\/v2\/pages\/9658\/revisions"}],"predecessor-version":[{"id":9674,"href":"https:\/\/fibrainternacional.org\/index.php?rest_route=\/wp\/v2\/pages\/9658\/revisions\/9674"}],"wp:featuredmedia":[{"embeddable":true,"href":"https:\/\/fibrainternacional.org\/index.php?rest_route=\/wp\/v2\/media\/9667"}],"wp:attachment":[{"href":"https:\/\/fibrainternacional.org\/index.php?rest_route=%2Fwp%2Fv2%2Fmedia&parent=9658"}],"curies":[{"name":"wp","href":"https:\/\/api.w.org\/{rel}","templated":true}]}}

Em memória de Alau

<p>Espaço destinado a honrar a memória de nosso amigo e companheiro <strong>Edgard Antunes Dias Batista</strong>, ou Alau, como gostava de ser identificado nas redes sociais.</p>



<p><strong>Edgard </strong>é por nós considerado o primeiro articulador entre os Coletivos e grupos que em 2016 íam surgindo nas redes sociais com o propósito de denunciar e lutar contra o impeachment de Dilma Rosseff. Seu trabalho cuidadoso de contactar cada pessoa e estimular que estas também contactassem outras para conversar e unir forças, foi dando forma a uma interação única e inédita (à época) à luta política e ao ativismo brasileiro no exterior. Surgia assim uma rede de brasileiros e brasileiras, que viria a ser chamada posteriormente de FIBRA &#8211; acrônimo idealizado por Edgard. </p>



<p>As ações e eventos protagonizados nestes 7 anos da FIBRA são hoje história da política nacional, a qual confunde-se com a deste companheiro <em>solar</em>, criativo, inovador e com uma energia voltada a mover pessoas e o mundo a sua volta.</p>



<hr class="wp-block-separator has-alpha-channel-opacity"/>



<p><strong>Visite as redes sociais:</strong></p>



<p><a href="https://www.facebook.com/edgardbatista" target="_blank" rel="noreferrer noopener">Página pessoal no Facebook</a> | <a href="https://www.facebook.com/pelademocraciaecontraogolpe" target="_blank" rel="noreferrer noopener">Página do BRASSAR</a> | </p>



<p class="has-luminous-vivid-amber-background-color has-background"><strong>Deixamos aqui alguns registros e links para honrar sua passagem por nós e convidamos você a deixar neste blog (mais abaixo) uma mensagem sobre/para o Alau.</strong></p>



<div class="wp-block-media-text alignwide is-stacked-on-mobile"><figure class="wp-block-media-text__media"><img fetchpriority="high" decoding="async" width="1024" height="575" src="http://fibrainternacional.org/wp-content/uploads/2023/03/Screenshot-2023-03-20-at-10.30.06-1024x575.png" alt="" class="wp-image-9668 size-full" srcset="https://fibrainternacional.org/wp-content/uploads/2023/03/Screenshot-2023-03-20-at-10.30.06-1024x575.png 1024w, https://fibrainternacional.org/wp-content/uploads/2023/03/Screenshot-2023-03-20-at-10.30.06-300x168.png 300w, https://fibrainternacional.org/wp-content/uploads/2023/03/Screenshot-2023-03-20-at-10.30.06-768x431.png 768w, https://fibrainternacional.org/wp-content/uploads/2023/03/Screenshot-2023-03-20-at-10.30.06-1536x862.png 1536w, https://fibrainternacional.org/wp-content/uploads/2023/03/Screenshot-2023-03-20-at-10.30.06-2048x1150.png 2048w, https://fibrainternacional.org/wp-content/uploads/2023/03/Screenshot-2023-03-20-at-10.30.06-1170x657.png 1170w, https://fibrainternacional.org/wp-content/uploads/2023/03/Screenshot-2023-03-20-at-10.30.06-600x337.png 600w" sizes="(max-width: 1024px) 100vw, 1024px" /></figure><div class="wp-block-media-text__content">
<p class="has-medium-font-size"><strong><a href="http://fibrainternacional.org/?p=9645" target="_blank" rel="noreferrer noopener">Mensagem </a>da amiga e companheira de lutas Márcia Nunes</strong></p>



<p class="has-small-font-size">&#8220;Edgard era ao mesmo tempo o coração e a cabeça da militância internacional. Vai fazer muita falta. Na verdade, já está fazendo. ❤️‍🩹 @edgar “Alau”, em nome da militância internacional, obrigada por tudo. Sem você a resistência internacional não seria a mesma.<br>Que você esteja e fique bem. Onde quer que você se encontre.&#8221; 🙏🏾<br><strong>Márcia Nunes</strong><br>(Coletivo Amsterdam pela Democracia/Holanda)</p>
</div></div>



<div class="wp-block-media-text alignwide is-stacked-on-mobile"><figure class="wp-block-media-text__media"><video controls src="http://fibrainternacional.org/wp-content/uploads/2023/03/20230316_1657001.mp4"></video></figure><div class="wp-block-media-text__content">
<p class="has-medium-font-size"><strong><a href="http://fibrainternacional.org/?p=9650" target="_blank" rel="noreferrer noopener">Mensagem</a> de Flávia Costa</strong></p>



<p class="has-small-font-size"><strong>Edgar,</strong><br>Eu não te conheci, mas conheço tua obra. <br>Eu não tive o privilégio de trocar palavras com você, mas tenho a honra de compartilhar tuas ideias. Eu nunca pude te dar um abraço, mas sinto a força dos teus punhos de luta. Eu não pude ecoar a minha voz junto à tua, mas sinto orgulho de levantar tuas bandeiras.<br>Obrigada por criar laços tão grandes, que mesmo aqueles que não partilharam a tua existência, possam levar adiante o teu legado.<br>Obrigada por nos fazer pessoas de FIBRA. <br><strong>Flavia Costa (membra da Fibra em Palma de Maiorca/Barcelona)</strong></p>
</div></div>



<div class="wp-block-media-text alignwide is-stacked-on-mobile"><figure class="wp-block-media-text__media"><video controls src="http://fibrainternacional.org/wp-content/uploads/2023/03/Namir-Martins-Alemanha.mp4"></video></figure><div class="wp-block-media-text__content">
<p>Canção composta pela companheira Namir Martins (<a href="https://www.instagram.com/coletivodemocraciaresiste/" target="_blank" rel="noreferrer noopener">Coletivo Democracia Resiste</a>), em homenagem ao Edgar.<br>Março de 2023 / Kassel (Alemanha)</p>
</div></div>



<div class="wp-block-media-text alignwide is-stacked-on-mobile"><figure class="wp-block-media-text__media"><video controls src="http://fibrainternacional.org/wp-content/uploads/2023/03/Namir_Obrigada-companheiro.-Ate-um-dia....mp4"></video></figure><div class="wp-block-media-text__content">
<p>Vídeo realizado pela equipe de produção do canal do youtube da FIBRA, para o Programa Vozes de Fibra: <a href="https://www.youtube.com/watch?v=TZhgcjgi1NM&amp;t=8s" target="_blank" rel="noreferrer noopener">Luta e Luto. O Substantivo, o Verbo e a FIBRA</a></p>
</div></div>



<hr class="wp-block-separator has-alpha-channel-opacity"/>



<p class="has-background" style="background-color:#f7d370"><strong>Registre sua mensagem</strong>: <a href="http://fibrainternacional.org/?p=9645" target="_blank" rel="noreferrer noopener">AQUI</a></p>

<p>Espaço destinado a honrar a memória de nosso amigo e companheiro Edgard Antunes Dias Batista, ou Alau, como gostava de ser identificado nas redes sociais.</p>

Espaço destinado a honrar a memória de nosso amigo e companheiro Edgard Antunes Dias Batista, ou Alau, como gostava de ser identificado nas redes sociais.
